s the tens digit of f?
9
Let l(q) = 4*q**2 - 8*q - 16. Let r(t) = -t**2 + 1. Let d(i) = l(i) + 5*r(i). What is the units digit of d(-6)?
1
Suppose -3*o + 29 = -139. Suppose 5*a + 21 - o = 0. What is the units digit of a?
7
Let r = 8 + -6. Suppose -4*n - r*v = -14, -n = -v - 6 + 4. Suppose -n = -p + 7. What is the units digit of p?
0
Let z(t) = 5*t - 16. What is the units digit of z(7)?
9
Let c(r) = -r**2 + 2*r - 1. Let g be c(1). Suppose 0 = -g*v + 4*v - 16. What is the units digit of v?
4
Let n be (-1 - -3) + (-17 - -3). Let a(x) = x**3 + 13*x**2 + 10*x + 3. What is the tens digit of a(n)?
2
Let c(y) = -y**2 - 5*y + 4. Let n be c(-5). Suppose 4*k - 100 = -0*k + 4*f, -k - n*f = -15. What is the units digit of k?
3
Let v(o) = -2*o**3 + o**2 + o + 1. What is the units digit of v(-3)?
1
Let h(o) = 6*o**3 + 3*o**2 + o. Let g be h(-2). Let u be g/(-8) + (-1)/(-4). What is the units digit of 3/(-15) - (-51)/u?
0
Let w = 4 + -4. Suppose 5*h + 0*h - 10 = w. What is the units digit of h?
2
Let y(t) = t**3 + 4*t**2 - 2*t - 6. Let o be y(-4). Let u be 98/5 + o/5. Suppose -2*f = -3*f + 4*v + 23, 4*v = -u. What is the units digit of f?
3
Suppose 3*g + 24 = 3*l, 4*g = -0*g. Let m = l - 1. Suppose m*p - 2*p + w - 23 = 0, -2*p + 6 = 2*w. What is the units digit of p?
5
Suppose 4*n + 3*w = 264, -w + 279 + 51 = 5*n. What is the tens digit of n?
6
Let x(w) = w + 1. Let a(q) = 10*q + 4. Let h(t) = a(t) - 8*x(t). What is the units digit of h(5)?
6
Let m be 5/(-2)*-1*8. Suppose -3*i + 5 = -2*i. Suppose i*s - m = s. What is the units digit of s?
5
Suppose 49 = g - 94. What is the hundreds digit of g?
1
Let v = 223 - 159. What is the tens digit of v?
6
Let w be 1/4 + (-765)/(-12). Suppose -y - 43 = -2*j, -5*j - 2*y + 21 + w = 0. What is the units digit of j?
9
Let s(a) = 4*a**3 + 3 - 8 + 3 + 4*a**2 + 2*a - 5*a**3. Let t = 9 - 5. What is the units digit of s(t)?
6
Suppose 3*i - 371 = -4*n, -5*n + 0*n = -5*i + 630. What is the hundreds digit of i?
1
Let o(j) = j**2 - j + 2. What is the units digit of o(3)?
8
Let t(k) = k**2 + 0 + 1 + 3 - 3*k. Let a = -21 + 24. What is the units digit of t(a)?
4
Let c(u) = u**3 - 2*u**2 - 4*u. Let x be c(3). Let g be 1/((-2)/12*x). Suppose -2*h + 72 = g*h. What is the units digit of h?
8
Let z(y) = y**2 + 2*y + 1. What is the units digit of z(-2)?
1
Suppose -b + 3*l = 5*l - 56, -2*b = -3*l - 133. What is the units digit of b?
2
Suppose -4*g = -18*g + 4438. What is the tens digit of g?
1
Suppose -3*d - 80 = -2*a - 6*d, -4*d + 121 = 3*a. What is the units digit of a?
3
Let m be (0 - 2) + 8 + 1. Suppose 75 = -m*b + 10*b. What is the tens digit of b?
2
Let i be (-2)/(-6) - 212/6. Let f be (-1285)/i - (-2)/7. Let s = f + -26. What is the tens digit of s?
1
Let h(u) = -u**3 + 8*u**2 - 5*u - 3. Suppose 5 - 25 = -5*x. What is the tens digit of h(x)?
4
Let y(d) = -d**3 + 12*d**2 + 16*d. What is the units digit of y(13)?
9
Let d = 418 + -294. What is the tens digit of d?
2
Suppose -3*m = b - 0*m - 22, -4*m = b - 26. Suppose -10 - b = -5*a. What is the units digit of (-4)/(-12) - a/(-6)?
1
Let a(d) = -d**3 - 2*d**2 + 2*d - 1. Let i be a(-3). Suppose -3*j - 292 = -j + 5*h, 438 = -3*j + i*h. What is the tens digit of (-6)/(-15) + j/(-10)?
1
Let t = -146 - -209. What is the tens digit of t?
6
What is the tens digit of (-2)/(6/9) + 20?
1
Let g(u) = -u**2 - 6*u - 2. Let a be g(-4). Suppose -4*l - 3*m = -64, 4*l - a*l - 2*m = -34. What is the units digit of l?
3
Let m(w) = w**2 + w - 1. Let c be m(2). Suppose 3*q = 5*b + 69, -2*q + c*b = 10 - 61. Suppose 2*p + q = 4*k, -7*k + 2*k = 2*p. What is the units digit of k?
2
Suppose -5*h + 11*h = 24. What is the units digit of h?
4
Let w(p) = -5*p + 27. What is the units digit of w(-7)?
2
Suppose 4*x + 2*h - 156 = 0, -h = -x + 11 + 28. Let i = x - 25. What is the tens digit of i?
1
Let y(r) = r + 15. Let v = 13 + -19. What is the units digit of y(v)?
9
Suppose 3*p + 3*p = 282. What is the tens digit of p?
4
Let b = -19 - -22. What is the units digit of b?
3
Let l(m) = 5*m**3 + m**2. Let r be l(-1). Let u = r + 0. Let o = u + 10. What is the units digit of o?
6
Suppose 0 = -4*m + 2*r - 4 - 10, 3*m + 11 = r. Let h = -93 + 63. What is the units digit of h/m - 2/4?
7
Let l be 2 - 2 - 1*-6. Let n = l + -3. Suppose q = -3*w + 5 + 14, q = n*w - 17. What is the units digit of w?
6
Suppose -6*u = -u - 20. Suppose 2 = -n + u. Suppose 0*g - 5*a + 20 = g, -2*a + n = 0. What is the tens digit of g?
1
Suppose -3*i + 28 = 4*s, 5*s = 5*i + 10 - 45. Suppose 3*n + 3*x = 6*n - 6, 0 = -4*n + 2*x + i. What is the units digit of (4/(-5))/(n/(-5))?
2
Let i = 2 + -7. Let n be (0 + 3)/((-1)/i). Suppose 3*c + 0 - n = 0. What is the units digit of c?
5
Let l = -46 - -77. What is the units digit of l?
1
Suppose 5*p - m - 32 = 0, 2*m - 4*m = -3*p + 22. Suppose 0 = -n + p*n + 15. What is the tens digit of (-1 - 1) + (-45)/n?
1
Let n(v) = -v**3 + 8*v**2 - 5*v - 6. Let o be n(6). What is the units digit of (-8)/o - 112/(-18)?
6
Let s(r) = -2*r + 5 + 2*r**2 + 2*r + 4*r + 5*r. What is the units digit of s(-6)?
3
Let g(v) = -2*v**3 - 6 + 3*v**3 + 2 + 3*v + 5*v**2. Let x(b) = -b**3 - b - 3. Let s be x(0). What is the units digit of g(s)?
5
Suppose 0 = 4*k - 8 - 4. Suppose k*j - 5*j = -28. What is the units digit of j?
4
Suppose -248 = -5*m + 72. What is the tens digit of m?
6
Suppose 3*q - 4*i = 2*q - 8, -25 = -4*q - 3*i. Suppose 2*g - q*g = 0. Suppose -3*s = -g*s - 39. What is the tens digit of s?
1
Suppose -4*h + 11 = -c, -8 - 1 = 4*h - 5*c. Suppose -3*i + h + 2 = 0. Suppose 2*j + i*l - 22 = 0, -5*l + 25 = 4*j - 20. What is the tens digit of j?
1
Let a(x) = -5*x**3 + 5*x**2 - 5*x - 7. Let c(m) = 9*m**3 - 9*m**2 + 9*m + 15. Let v(r) = 7*a(r) + 4*c(r). What is the units digit of v(0)?
1
Let s = 367 + -148. What is the hundreds digit of s?
2
Let q(j) = 4*j**2 - 5*j - 10. Let o(a) = 3*a**2 - 4*a - 9. Let p(u) = 3*o(u) - 2*q(u). Let b be (-1)/(-6) + 116/24. What is the units digit of p(b)?
8
Suppose -c + 2*w - 26 = 0, 2*w + 37 = -2*c + 3*w. What is the units digit of (12/c)/((-2)/48)?
8
Let i be (3 - (-2)/1)/1. Let d(j) = 3*j - 19. Let k be d(15). Suppose i*y = -x + 50, -14 = -4*y - 2*x + k. What is the tens digit of y?
1
Let m = -6 + 8. Suppose -4*n + 3*s + 8 = 0, 8 - 1 = -3*n - s. Let h = n + m. What is the units digit of h?
1
Let m(f) = 25*f - 1. What is the tens digit of m(1)?
2
Let n(g) = g**2 - 6*g - 13. What is the units digit of n(9)?
4
What is the tens digit of (18/21)/(2/28)?
1
Let c = -44 + 91. What is the units digit of c?
7
Let u(x) be the second derivative of x**3/6 + x**2 - 2*x. Let k be u(0). Suppose k*v - 3*v = -9. What is the units digit of v?
9
Let u(m) = 4*m - 16. What is the tens digit of u(16)?
4
Let i(y) be the first derivative of -y**2/2 + 2*y - 8. Suppose 0*t + b = -3*t + 1, -b - 2 = 0. What is the units digit of i(t)?
1
Let c be 2/(-2)*20/(-4). Suppose -5*x + 2*r + 70 = -12, 0 = -3*x - c*r + 43. What is the tens digit of x?
1
Let o = -55 - -92. What is the tens digit of o?
3
Suppose -10*h + 27 = -7*h. Let c(k) = k**3 + 5*k**2 - 6*k + 8. Let b be c(-6). Let w = h + b. What is the units digit of w?
7
Let m(j) = j**2 - 6*j + 2. Suppose -3*a + 19 = 5*l, a + 3 = l - 4. Let v be m(l). What is the units digit of 6 + v - 1/(-1)?
4
Let l(q) = -q + 0*q + 0*q + 10. What is the units digit of l(7)?
3
Suppose 2*p = l - 1, 0 = 4*l - 2*p - 0 - 10. Suppose -s + l = -1. Suppose -4*r + 4 = -s. What is the units digit of r?
2
Let a(p) = -p**2 - 3*p + 9. What is the units digit of a(-4)?
5
Let f = 15 + 26. What is the tens digit of f?
4
Let q(u) = -u - 6. Let p be q(-7). Let a be 1*p/2*0. Suppose -4*j + 3*s = -14 + 2, -s = a. What is the units digit of j?
3
Let j = 17 + -12. Suppose 6*g = g - h + 3, 5*g + j*h = -5. What is the units digit of g?
1
Let u(b) = 2*b + 1. Let t be u(1). Suppose 5*r - 5*y = -y + 18, -t*r - 5*y = 4. What is the units digit of r?
2
Let g be 8/(-6)*90/(-4). Let s = g - 19. What is the units digit of s?
1
Suppose 0*b = -4*b. Suppose 2*o + b = 12. What is the units digit of o?
6
Let k = -56 - -102. What is the units digit of k?
6
Let w(o) = 2*o**3 - 3*o**2 + 2*o - 1. What is the tens digit of w(3)?
3
What is the units digit of 85/17 - 3*1?
2
Let a = -13 - -22. Suppose d - a = 10. What is the units digit of d?
9
Supp